 = 185. Let a = -6 + n. What are the prime factors of a?
31
Let t(g) = -g**2 - 6*g + 7. Suppose c = -0*c - 5. Let i be t(c). Suppose -i = -4*y + 20. List the prime factors of y.
2
Suppose -k + z = -3 - 6, k = 4*z + 21. Let n = 13 - k. What are the prime factors of n?
2
Let s(q) = 2*q + 2. Let k be (2 - 4)/(2 - 3). List the prime factors of s(k).
2, 3
Suppose -2*p = -5*w - 6, -9 = -5*p + 2*w + 6. Suppose -q = -2*y + p*q + 8, 4*q - 40 = -2*y. List the prime factors of y.
2, 3
Suppose -2*z = -4*h - 8, 5*z = 2*h - 19 + 7. Suppose 17 = -3*o + 2*s, 3*o + s - 5*s = -19. What are the prime factors of (h/2)/(1/o)?
2, 5
What are the prime factors of (-2)/(12/141)*-2?
47
Let u(r) = -2*r - 4. Let i be u(-4). Suppose w + 5*y - i = 8, 0 = -4*w - 4*y + 16. Suppose -w*j + 10 = -0*j. What are the prime factors of j?
5
Suppose 0 = -5*x + 4*s - 7 + 61, -15 = -x + 5*s. Let k = -3 + x. List the prime factors of k.
7
List the prime factors of (110 + -2)/3 + -3.
3, 11
Let i(v) = -v**2 + 2*v - 6. Let x be i(6). What are the prime factors of ((-54)/15)/(9/x)?
2, 3
What are the prime factors of (168/9)/(-1)*9/(-3)?
2, 7
Let k(u) be the third derivative of u**4/24 - u**3/6 - u**2. Let z be k(3). What are the prime factors of (-4 - z)*4/(-2)?
2, 3
Suppose -4*x + 9 = -3. Suppose x*n - 18 = 2*n. What are the prime factors of n?
2, 3
Suppose 3*m - 192 = -2*n + 49, 4 = -n. What are the prime factors of m?
83
Suppose 4*w + 53 = -3*l, l + 58 = -9*w + 4*w. Let u = w + 13. List the prime factors of u.
2
Let u = 6 + 3. Suppose u = 4*l + 3*h, -3*l + 4*h + 3 = 7*h. List the prime factors of l.
2, 3
Suppose 123 = -3*v - 3*k, 4*k - 124 = 2*v + 2*v. Let w = -18 - v. List the prime factors of w.
2, 3
Let n = -34 - -21. Let h(z) = -2*z - 14. What are the prime factors of h(n)?
2, 3
Let j = -141 + 210. What are the prime factors of j?
3, 23
Let f(g) = g**2 - 11*g - 11. List the prime factors of f(15).
7
Let r(m) be the first derivative of -7*m**4/4 + 2*m**3/3 - m**2 + m - 1. Let t be r(1). Let z(p) = -p**2 - 8*p - 6. List the prime factors of z(t).
2, 3
Let b(j) = -3*j - 4. What are the prime factors of b(-5)?
11
Suppose 2 = -6*k + 92. List the prime factors of k.
3, 5
Suppose 4*b - 5*b + 35 = -5*q, b = q + 27. Suppose -3*d - 5*n = -b, 0 = d + 4*n - 14 - 6. What are the prime factors of 2 - (-2 - d - -2)?
2
Suppose 0 = -5*v + 25, v = 5*j - v - 185. Let o = j - 19. List the prime factors of o.
2, 5
Suppose -1 = -5*z - h + 1, 4*z + 11 = -5*h. Let i(x) = 3*x**2 + 1. List the prime factors of i(z).
2
Let v(f) = -f**2 - 21*f - 17. Let d be v(-14). Let n = d - 30. What are the prime factors of n?
3, 17
Suppose 3*u = 5*a - 1231, -u = 2*a - 3*u - 490. What are the prime factors of a?
2, 31
Let f be 2 - (-2 - -1 - 0). Let p be (0/f)/(1 + -2). Let s = 8 + p. List the prime factors of s.
2
Let z = -178 + 313. List the prime factors of z.
3, 5
Let i = 20 - 4. List the prime factors of i.
2
Suppose 0 = -m - 3*l - 32, -3*m + 5 - 71 = 3*l. Let v be (3 - 5 - m)*3. Let o = v - 30. What are the prime factors of o?
3, 5
Let h be ((-36)/(-16))/((-3)/16). Let d = -8 - h. Suppose 0 = -d*m + 2*z + 84, -3*m - z + 2*z + 63 = 0. What are the prime factors of m?
3, 7
Let t be (0 + -10)*(2 - 4). Suppose -y - 4*y = -t. Suppose -3*f + 6 + 6 = 4*n, 0 = -5*n + y*f + 46. List the prime factors of n.
2, 3
Suppose 157 = 2*s - 53. What are the prime factors of s?
3, 5, 7
Let t(v) = v**3 - 10*v**2 - 5*v - 3. Let n be t(11). Suppose -5*d = -n - 2. What are the prime factors of d?
13
Let x = 8 + -9. List the prime factors of x + (-21)/(-3 - -2).
2, 5
Let m(t) = -t - 2. Let j(r) = r**3 + 5*r**2 + 4*r - 5. Let v be j(-4). What are the prime factors of m(v)?
3
Let s be (-6)/(-10)*(2 + 3). Suppose s*g - 44 = g. List the prime factors of g.
2, 11
Suppose 3*g + 31 = 4*g. List the prime factors of g.
31
Let c = -4 + 7. Suppose -i = -c*i + 26. List the prime factors of i.
13
Let s = -1 + -1. List the prime factors of s - (1*-2 - 11).
11
Let s be 50/(5/(15/6)). Let f = 43 - s. List the prime factors of f.
2, 3
Let b = 124 + -72. Suppose 4*j + 0*p = -p + b, 0 = 5*j + p - 64. What are the prime factors of j?
2, 3
Suppose 5*n = -3*q - 19, -3*n = -2*q - 11 + 30. Suppose -3*p + 8*p - 4*y = 57, -16 = -q*p + 5*y. What are the prime factors of p?
13
Suppose 0 = t - 3*l - 44, t + 2*t = l + 100. What are the prime factors of t?
2
List the prime factors of (238/(-3))/((-2)/3).
7, 17
Suppose 0 = -h + 34 + 20. Let p be (h/15)/((-2)/(-5)). Let w = 21 - p. List the prime factors of w.
2, 3
Suppose 2*q - 123 = -33. Suppose -p = -q - 55. Suppose 0*u + p = 5*u. List the prime factors of u.
2, 5
Let n(t) = -t**3 - 5*t**2 - 4*t + 22. List the prime factors of n(-7).
2, 37
Let b(v) = v**2. Let w = -9 + 12. List the prime factors of b(w).
3
Suppose 0*t = 5*t - 4*y - 1245, 0 = 3*t - 3*y - 744. List the prime factors of t.
11, 23
Suppose -k = -4*p + 105, 135 = p + 4*p - 5*k. List the prime factors of (p/(-3))/(4/(-6)).
13
Let h(y) = 65*y**2 - y. List the prime factors of h(1).
2
Let n = 7 + 13. What are the prime factors of n?
2, 5
Let k be 2/3 - (-215)/15. Suppose o + k = 2*o. What are the prime factors of 2/5 - (-144)/o?
2, 5
Let y(u) be the second derivative of u**3/2 - u**2/2 - 4*u. List the prime factors of y(3).
2
Suppose -3*v + 3*u + 105 = 0, 4*u - 10 = -3*v + 74. What are the prime factors of v?
2
Let j(u) = 2*u**2 + 3*u - 5. Let p be j(-4). Let l be p*-1*(-6)/18. Let w(s) = s**3 - 4*s**2 - 4*s + 6. What are the prime factors of w(l)?
11
Let q be 0 + 0*(0 + 1). Suppose 12 = -4*r, q*u - 4*u - 3*r = 1. Suppose u*b + 0 = 14. List the prime factors of b.
7
Suppose c - 10 = 3*c, -2*u = -c - 5. Suppose 3*d + d - 36 = u. What are the prime factors of d - (-2 - (-3)/3)?
2, 5
Let m(u) be the first derivative of u**4/4 + u**3 - 2*u**2 + 3*u + 2. Let t be m(-4). Suppose t*f + 24 = 4*a - 11, 0 = -5*f - 25. List the prime factors of a.
5
Let o(b) = -b**3 + 5*b**2 + 9*b - 3. Let y be o(6). Suppose -5*f = -5 + y. List the prime factors of ((-36)/(-20))/(f/(-10)).
3
Let b(o) = 4*o**2 - 4*o - 9. What are the prime factors of b(8)?
5, 43
Let q(v) = -6*v - 1. Let l be q(-1). Suppose -5*s = 15, -63 = -3*n - 0*n + l*s. What are the prime factors of n?
2
Let w(d) = 4*d + 1. Let q be w(1). Suppose q*c = -0*c + 170. Suppose -2*y + 2*m = -c, 5*m = -4*y - 0*y + 77. What are the prime factors of y?
2, 3
Suppose 0 = -4*m - 3*h + 239, 2*m - 107 = 2*h + 23. List the prime factors of m.
2, 31
Let u be ((-4)/5)/(2/25). Let p(q) = -q**2 - 13*q - 6. What are the prime factors of p(u)?
2, 3
Let t = 36 + -11. List the prime factors of t.
5
Let x(b) = b**2 + 4*b - 8. Let k be x(-6). Let q = k + 0. Suppose -q + 16 = 2*j. List the prime factors of j.
2, 3
Let n = -77 - -175. List the prime factors of n.
2, 7
Let k(t) be the third derivative of t**5/60 - t**4/4 - 2*t**3/3 - 3*t**2. Let g be k(7). List the prime factors of g*(-4)/6 + 8.
2, 3
Suppose 3*z = 221 + 22. List the prime factors of z.
3
Let h = 43 - 16. What are the prime factors of h?
3
Suppose 0 = 37*z - 27*z - 1860. What are the prime factors of z?
2, 3, 31
Let s = 6 - 11. Let p = s - -22. What are the prime factors of p?
17
Let j(l) = l**2 + 8*l - 2. Let o be (9/(-2))/((-3)/(-8)). Let m(u) = 2*u + 15. Let g be m(o). What are the prime factors of j(g)?
7
Suppose 0 = -5*s + 10 - 0. Let v be 23 + s*(-2)/(-4). Suppose 5*g = -4*z + 32 + v, 0 = 4*g + 3*z - 45. What are the prime factors of g?
2, 3
Let n(h) be the first derivative of -h**2/2 - 6*h + 2. Let t be n(-8). Let v = 10 + t. List the prime factors of v.
2, 3
Let f be -9*2/6*-4. Suppose -g + f = -5*g. Let h(k) = k**2 - k - 2. List the prime factors of h(g).
2, 5
Let v = 0 + 2. Let n(k) be the first derivative of 4*k**3/3 + k**2/2 - 1. List the prime factors of n(v).
2, 3
Let c(l) = 2*l**3 + 5*l**2 - 8*l - 19. Let x(n) = 3*n**3 + 8*n**2 - 12*n - 28. Let o(z) = -7*c(z) + 5*x(z). List the prime factors of o(-5).
13
Suppose -5*g - 140 = -i - 30, -5 = -g. List the prime factors of i.
3, 5
Let x(t) = 9 + t + 3*t + 0*t. Let b(j) = 5*j + 10. Let g(a) = -5*b(a) + 6*x(a). What are the prime factors of g(-5)?
3
What are the prime factors of ((-4)/(-6))/1 - (-133)/57?
3
Suppose 25 = 5*y, 9*z - y - 15 = 4*z. Let p(n) = -2*n + z*n**2 - 1 + 2*n. List the prime factors of p(-1).
3
Let j 